{"id":2577,"date":"2022-05-25T21:27:53","date_gmt":"2022-05-25T19:27:53","guid":{"rendered":"https:\/\/www.wagenschmied.at\/?page_id=2577"},"modified":"2022-08-22T17:27:56","modified_gmt":"2022-08-22T15:27:56","slug":"welpen-vom-i-wurf","status":"publish","type":"page","link":"https:\/\/www.wagenschmied.at\/?page_id=2577","title":{"rendered":"Welpen vom &#8222;I&#8220; &#8211; Wurf"},"content":{"rendered":"\n<div class=\"wp-block-group alignwide\"><div class=\"wp-block-group__inner-container is-layout-flow wp-block-group-is-layout-flow\"><\/div><\/div>\n\n\n\n<div class=\"wp-block-media-text alignwide is-stacked-on-mobile\" style=\"grid-template-columns:44% auto\"><figure class=\"wp-block-media-text__media\"><img loading=\"lazy\" decoding=\"async\" width=\"768\" height=\"1024\" src=\"https:\/\/www.wagenschmied.at\/wp-content\/uploads\/2022\/07\/IMG_20220705_141301768-768x1024.jpg\" alt=\"\" class=\"wp-image-2666 size-full\" srcset=\"https:\/\/www.wagenschmied.at\/wp-content\/uploads\/2022\/07\/IMG_20220705_141301768-768x1024.jpg 768w, https:\/\/www.wagenschmied.at\/wp-content\/uploads\/2022\/07\/IMG_20220705_141301768-225x300.jpg 225w, https:\/\/www.wagenschmied.at\/wp-content\/uploads\/2022\/07\/IMG_20220705_141301768-1152x1536.jpg 1152w, https:\/\/www.wagenschmied.at\/wp-content\/uploads\/2022\/07\/IMG_20220705_141301768-1536x2048.jpg 1536w, https:\/\/www.wagenschmied.at\/wp-content\/uploads\/2022\/07\/IMG_20220705_141301768-scaled.jpg 1920w\" sizes=\"auto, (max-width: 768px) 100vw, 768px\" \/><\/figure><div class=\"wp-block-media-text__content\">\n<p class=\"has-large-font-size\">Iduna<\/p>\n\n\n\n<p class=\"has-medium-font-size\">ist nach Liding zu Familie Meinhardt \u00fcbersiedelt. Sie wird mit Katharina und Paul und bei beiden gro\u00dfen M\u00fcnsterl\u00e4ndern zu Jagd gehen. Und sehr oft Ihren Papa &#8222;Spencer&#8220; besuchen.<\/p>\n<\/div><\/div>\n\n\n\n<hr class=\"wp-block-separator\"\/>\n\n\n\n<div class=\"wp-block-media-text alignwide is-stacked-on-mobile\" style=\"grid-template-columns:44% auto\"><figure class=\"wp-block-media-text__media\"><img loading=\"lazy\" decoding=\"async\" width=\"1920\" height=\"2560\" src=\"https:\/\/www.wagenschmied.at\/wp-content\/uploads\/2022\/07\/IMG_20220707_183809534_HDR-scaled.jpg\" alt=\"\" class=\"wp-image-2667 size-full\" srcset=\"https:\/\/www.wagenschmied.at\/wp-content\/uploads\/2022\/07\/IMG_20220707_183809534_HDR-scaled.jpg 1920w, https:\/\/www.wagenschmied.at\/wp-content\/uploads\/2022\/07\/IMG_20220707_183809534_HDR-225x300.jpg 225w, https:\/\/www.wagenschmied.at\/wp-content\/uploads\/2022\/07\/IMG_20220707_183809534_HDR-768x1024.jpg 768w, https:\/\/www.wagenschmied.at\/wp-content\/uploads\/2022\/07\/IMG_20220707_183809534_HDR-1152x1536.jpg 1152w, https:\/\/www.wagenschmied.at\/wp-content\/uploads\/2022\/07\/IMG_20220707_183809534_HDR-1536x2048.jpg 1536w\" sizes=\"auto, (max-width: 1920px) 100vw, 1920px\" \/><\/figure><div class=\"wp-block-media-text__content\">\n<p class=\"has-large-font-size\">Inok<\/p>\n\n\n\n<p class=\"has-medium-font-size\">ist zu Brigitte nach Simmering gezogen. Er wird mit Ihr im Track unterwegs sein.<\/p>\n<\/div><\/div>\n\n\n\n<hr class=\"wp-block-separator\"\/>\n\n\n\n<div class=\"wp-block-media-text alignwide is-stacked-on-mobile\" style=\"grid-template-columns:44% auto\"><figure class=\"wp-block-media-text__media\"><img loading=\"lazy\" decoding=\"async\" width=\"1920\" height=\"2560\" src=\"https:\/\/www.wagenschmied.at\/wp-content\/uploads\/2022\/07\/Iberio-Pecha-20220715_103449678_HDR-scaled.jpg\" alt=\"\" class=\"wp-image-2688 size-full\" srcset=\"https:\/\/www.wagenschmied.at\/wp-content\/uploads\/2022\/07\/Iberio-Pecha-20220715_103449678_HDR-scaled.jpg 1920w, https:\/\/www.wagenschmied.at\/wp-content\/uploads\/2022\/07\/Iberio-Pecha-20220715_103449678_HDR-225x300.jpg 225w, https:\/\/www.wagenschmied.at\/wp-content\/uploads\/2022\/07\/Iberio-Pecha-20220715_103449678_HDR-768x1024.jpg 768w, https:\/\/www.wagenschmied.at\/wp-content\/uploads\/2022\/07\/Iberio-Pecha-20220715_103449678_HDR-1152x1536.jpg 1152w, https:\/\/www.wagenschmied.at\/wp-content\/uploads\/2022\/07\/Iberio-Pecha-20220715_103449678_HDR-1536x2048.jpg 1536w\" sizes=\"auto, (max-width: 1920px) 100vw, 1920px\" \/><\/figure><div class=\"wp-block-media-text__content\">\n<p class=\"has-large-font-size\">Iberio <\/p>\n\n\n\n<p class=\"has-medium-font-size\">ist zur Gro\u00dffamilie Pecha in der 23. Bezirk \u00fcbersiedelt und wird viel Kinder um sich haben.<\/p>\n<\/div><\/div>\n\n\n\n<hr class=\"wp-block-separator\"\/>\n\n\n\n<div class=\"wp-block-media-text alignwide is-stacked-on-mobile\" style=\"grid-template-columns:44% auto\"><figure class=\"wp-block-media-text__media\"><img loading=\"lazy\" decoding=\"async\" width=\"768\" height=\"1024\" src=\"https:\/\/www.wagenschmied.at\/wp-content\/uploads\/2022\/07\/Ikarus-lehner_20220715_153655158-768x1024.jpg\" alt=\"\" class=\"wp-image-2690 size-full\" srcset=\"https:\/\/www.wagenschmied.at\/wp-content\/uploads\/2022\/07\/Ikarus-lehner_20220715_153655158-768x1024.jpg 768w, https:\/\/www.wagenschmied.at\/wp-content\/uploads\/2022\/07\/Ikarus-lehner_20220715_153655158-225x300.jpg 225w, https:\/\/www.wagenschmied.at\/wp-content\/uploads\/2022\/07\/Ikarus-lehner_20220715_153655158-1152x1536.jpg 1152w, https:\/\/www.wagenschmied.at\/wp-content\/uploads\/2022\/07\/Ikarus-lehner_20220715_153655158-1536x2048.jpg 1536w, https:\/\/www.wagenschmied.at\/wp-content\/uploads\/2022\/07\/Ikarus-lehner_20220715_153655158-scaled.jpg 1920w\" sizes=\"auto, (max-width: 768px) 100vw, 768px\" \/><\/figure><div class=\"wp-block-media-text__content\">\n<p class=\"has-large-font-size\">Ikarus<\/p>\n\n\n\n<p class=\"has-medium-font-size\">ist zu Herrn und Frau Lehner nach Reisenberg \u00fcbersiedelt.<\/p>\n<\/div><\/div>\n\n\n\n<hr class=\"wp-block-separator\"\/>\n\n\n\n<div class=\"wp-block-media-text alignwide is-stacked-on-mobile\" style=\"grid-template-columns:44% auto\"><figure class=\"wp-block-media-text__media\"><img loading=\"lazy\" decoding=\"async\" width=\"768\" height=\"1024\" src=\"https:\/\/www.wagenschmied.at\/wp-content\/uploads\/2022\/07\/Isis-Fuchs_20220715_185632332_HDR-768x1024.jpg\" alt=\"\" class=\"wp-image-2693 size-full\" srcset=\"https:\/\/www.wagenschmied.at\/wp-content\/uploads\/2022\/07\/Isis-Fuchs_20220715_185632332_HDR-768x1024.jpg 768w, https:\/\/www.wagenschmied.at\/wp-content\/uploads\/2022\/07\/Isis-Fuchs_20220715_185632332_HDR-225x300.jpg 225w, https:\/\/www.wagenschmied.at\/wp-content\/uploads\/2022\/07\/Isis-Fuchs_20220715_185632332_HDR-1152x1536.jpg 1152w, https:\/\/www.wagenschmied.at\/wp-content\/uploads\/2022\/07\/Isis-Fuchs_20220715_185632332_HDR-1536x2048.jpg 1536w, https:\/\/www.wagenschmied.at\/wp-content\/uploads\/2022\/07\/Isis-Fuchs_20220715_185632332_HDR-scaled.jpg 1920w\" sizes=\"auto, (max-width: 768px) 100vw, 768px\" \/><\/figure><div class=\"wp-block-media-text__content\">\n<p class=\"has-large-font-size\">Isis<\/p>\n\n\n\n<p class=\"has-medium-font-size\">zieht zu Felix nach Deutschlandsberg und wird Ihn bei der Jagd begleiten.<\/p>\n<\/div><\/div>\n\n\n\n<hr class=\"wp-block-separator\"\/>\n\n\n\n<div class=\"wp-block-media-text alignwide is-stacked-on-mobile\" style=\"grid-template-columns:44% auto\"><figure class=\"wp-block-media-text__media\"><img loading=\"lazy\" decoding=\"async\" width=\"768\" height=\"1024\" src=\"https:\/\/www.wagenschmied.at\/wp-content\/uploads\/2022\/08\/Ilvy-Rosner_20220814_160022604-768x1024.jpg\" alt=\"\" class=\"wp-image-2709 size-full\" srcset=\"https:\/\/www.wagenschmied.at\/wp-content\/uploads\/2022\/08\/Ilvy-Rosner_20220814_160022604-768x1024.jpg 768w, https:\/\/www.wagenschmied.at\/wp-content\/uploads\/2022\/08\/Ilvy-Rosner_20220814_160022604-225x300.jpg 225w, https:\/\/www.wagenschmied.at\/wp-content\/uploads\/2022\/08\/Ilvy-Rosner_20220814_160022604-1152x1536.jpg 1152w, https:\/\/www.wagenschmied.at\/wp-content\/uploads\/2022\/08\/Ilvy-Rosner_20220814_160022604-1536x2048.jpg 1536w, https:\/\/www.wagenschmied.at\/wp-content\/uploads\/2022\/08\/Ilvy-Rosner_20220814_160022604-scaled.jpg 1920w\" sizes=\"auto, (max-width: 768px) 100vw, 768px\" \/><\/figure><div class=\"wp-block-media-text__content\">\n<p class=\"has-large-font-size\">Ilvy<\/p>\n\n\n\n<p class=\"has-medium-font-size\">ist zu Herrn und Frau Rosner nach Guntramsdorf gezogen.<\/p>\n<\/div><\/div>\n\n\n\n<hr class=\"wp-block-separator\"\/>\n\n\n\n<div class=\"wp-block-media-text alignwide is-stacked-on-mobile\" style=\"grid-template-columns:44% auto\"><figure class=\"wp-block-media-text__media\"><img loading=\"lazy\" decoding=\"async\" width=\"768\" height=\"1024\" src=\"https:\/\/www.wagenschmied.at\/wp-content\/uploads\/2022\/08\/Igor-Mayer_20220820_140950956-768x1024.jpg\" alt=\"\" class=\"wp-image-2718 size-full\" srcset=\"https:\/\/www.wagenschmied.at\/wp-content\/uploads\/2022\/08\/Igor-Mayer_20220820_140950956-768x1024.jpg 768w, https:\/\/www.wagenschmied.at\/wp-content\/uploads\/2022\/08\/Igor-Mayer_20220820_140950956-225x300.jpg 225w, https:\/\/www.wagenschmied.at\/wp-content\/uploads\/2022\/08\/Igor-Mayer_20220820_140950956-1152x1536.jpg 1152w, https:\/\/www.wagenschmied.at\/wp-content\/uploads\/2022\/08\/Igor-Mayer_20220820_140950956-1536x2048.jpg 1536w, https:\/\/www.wagenschmied.at\/wp-content\/uploads\/2022\/08\/Igor-Mayer_20220820_140950956-scaled.jpg 1920w\" sizes=\"auto, (max-width: 768px) 100vw, 768px\" \/><\/figure><div class=\"wp-block-media-text__content\">\n<p class=\"has-large-font-size\">Igor<\/p>\n\n\n\n<p class=\"has-medium-font-size\">ist zu Familie Mayer nach Neusiedl am See gesiedelt. <\/p>\n<\/div><\/div>\n\n\n\n<hr class=\"wp-block-separator\"\/>\n\n\n\n<div class=\"wp-block-media-text alignwide is-stacked-on-mobile\" style=\"grid-template-columns:44% auto\"><figure class=\"wp-block-media-text__media\"><img loading=\"lazy\" decoding=\"async\" width=\"768\" height=\"1024\" src=\"https:\/\/www.wagenschmied.at\/wp-content\/uploads\/2022\/08\/Indy-helscher_20220822-768x1024.jpg\" alt=\"\" class=\"wp-image-2728 size-full\" srcset=\"https:\/\/www.wagenschmied.at\/wp-content\/uploads\/2022\/08\/Indy-helscher_20220822-768x1024.jpg 768w, https:\/\/www.wagenschmied.at\/wp-content\/uploads\/2022\/08\/Indy-helscher_20220822-225x300.jpg 225w, https:\/\/www.wagenschmied.at\/wp-content\/uploads\/2022\/08\/Indy-helscher_20220822-1152x1536.jpg 1152w, https:\/\/www.wagenschmied.at\/wp-content\/uploads\/2022\/08\/Indy-helscher_20220822-1536x2048.jpg 1536w, https:\/\/www.wagenschmied.at\/wp-content\/uploads\/2022\/08\/Indy-helscher_20220822-scaled.jpg 1920w\" sizes=\"auto, (max-width: 768px) 100vw, 768px\" \/><\/figure><div class=\"wp-block-media-text__content\">\n<p class=\"has-large-font-size\">Indy<\/p>\n\n\n\n<p class=\"has-medium-font-size\">ist zu Lisa und Felix nach Floridsdorf gezogen.<\/p>\n<\/div><\/div>\n\n\n\n<hr class=\"wp-block-separator\"\/>\n\n\n\n<div class=\"menu-wurf\"><div class=\"menu-i-wurf-container\"><ul id=\"menu-i-wurf\" class=\"menu\"><li id=\"menu-item-2603\" class=\"menu-item menu-item-type-post_type menu-item-object-page menu-item-2603\"><a href=\"https:\/\/www.wagenschmied.at\/?page_id=2573\">Eltern<\/a><\/li>\n<li id=\"menu-item-2686\" class=\"menu-item menu-item-type-post_type menu-item-object-page menu-item-2686\"><a href=\"https:\/\/www.wagenschmied.at\/?page_id=2577\">Welpen<\/a><\/li>\n<li id=\"menu-item-2602\" class=\"menu-item menu-item-type-post_type menu-item-object-page menu-item-2602\"><a href=\"https:\/\/www.wagenschmied.at\/?page_id=2575\">Galerie<\/a><\/li>\n<\/ul><\/div><\/div>\n\n\n\n<p><\/p>\n","protected":false},"excerpt":{"rendered":"<p>Iduna ist nach Liding zu Familie Meinhardt \u00fcbersiedelt. Sie wird mit Katharina und Paul und bei beiden gro\u00dfen M\u00fcnsterl\u00e4ndern zu Jagd gehen. Und sehr oft Ihren Papa &#8222;Spencer&#8220; besuchen. Inok ist zu Brigitte nach Simmering gezogen. Er wird mit Ihr &hellip; <a href=\"https:\/\/www.wagenschmied.at\/?page_id=2577\">Weiterlesen <span class=\"meta-nav\">&rarr;<\/span><\/a><\/p>\n","protected":false},"author":1,"featured_media":0,"parent":0,"menu_order":0,"comment_status":"closed","ping_status":"closed","template":"","meta":{"ngg_post_thumbnail":0,"footnotes":""},"class_list":["post-2577","page","type-page","status-publish","hentry"],"jetpack_sharing_enabled":true,"_links":{"self":[{"href":"https:\/\/www.wagenschmied.at\/index.php?rest_route=\/wp\/v2\/pages\/2577","targetHints":{"allow":["GET"]}}],"collection":[{"href":"https:\/\/www.wagenschmied.at\/index.php?rest_route=\/wp\/v2\/pages"}],"about":[{"href":"https:\/\/www.wagenschmied.at\/index.php?rest_route=\/wp\/v2\/types\/page"}],"author":[{"embeddable":true,"href":"https:\/\/www.wagenschmied.at\/index.php?rest_route=\/wp\/v2\/users\/1"}],"replies":[{"embeddable":true,"href":"https:\/\/www.wagenschmied.at\/index.php?rest_route=%2Fwp%2Fv2%2Fcomments&post=2577"}],"version-history":[{"count":10,"href":"https:\/\/www.wagenschmied.at\/index.php?rest_route=\/wp\/v2\/pages\/2577\/revisions"}],"predecessor-version":[{"id":2730,"href":"https:\/\/www.wagenschmied.at\/index.php?rest_route=\/wp\/v2\/pages\/2577\/revisions\/2730"}],"wp:attachment":[{"href":"https:\/\/www.wagenschmied.at\/index.php?rest_route=%2Fwp%2Fv2%2Fmedia&parent=2577"}],"curies":[{"name":"wp","href":"https:\/\/api.w.org\/{rel}","templated":true}]}}